 a composite number?
False
Is 18635 prime?
False
Is 146018 a prime number?
False
Is 7657357 prime?
True
Is 3295 prime?
False
Is 155597 composite?
True
Is 226999 prime?
False
Is 1081 composite?
True
Is 45665 a composite number?
True
Is 154927 a prime number?
True
Is 2957 prime?
True
Is 37171 prime?
True
Is 381053 a prime number?
False
Is 393571 a prime number?
True
Is 38681 a composite number?
True
Is 12955 prime?
False
Is 1451 prime?
True
Is 6803 a prime number?
True
Is 3083 a composite number?
False
Is 4073 prime?
True
Is 5261 a prime number?
True
Is 209 a composite number?
True
Is 5387 a prime number?
True
Is 5433 composite?
True
Is 64483 a composite number?
False
Is 15013 a prime number?
True
Is 1117 a composite number?
False
Is 787 a composite number?
False
Is 450991 a composite number?
False
Is 35381 prime?
True
Is 13159 prime?
True
Is 84815 composite?
True
Is 57367 composite?
False
Is 820457 a prime number?
False
Is 66161 composite?
False
Is 6599 prime?
True
Is 661601 prime?
False
Is 647861 prime?
True
Is 179701 composite?
True
Is 155867 a prime number?
False
Is 307 a composite number?
False
Is 1557095 a prime number?
False
Is 184597 a composite number?
True
Is 33043 composite?
True
Is 915727 prime?
True
Is 4237 a prime number?
False
Is 1731 composite?
True
Is 91847 prime?
False
Is 6823 a composite number?
False
Is 35279 prime?
True
Is 15593 a prime number?
False
Is 83473 a composite number?
True
Is 26359 composite?
True
Is 10799 prime?
True
Is 17678 prime?
False
Is 38669 prime?
True
Is 1418 prime?
False
Is 27635 composite?
True
Is 4247 prime?
False
Is 1234093 composite?
True
Is 14281 composite?
False
Is 160933 a composite number?
False
Is 8209 composite?
False
Is 121909 a composite number?
False
Is 291815 composite?
True
Is 1220591 prime?
True
Is 133613 composite?
True
Is 6689 a composite number?
False
Is 579 prime?
False
Is 969637 a prime number?
True
Is 438137 prime?
False
Is 67703 a prime number?
False
Is 1707 a prime number?
False
Is 4637 a composite number?
False
Is 2598653 composite?
False
Is 3981 prime?
False
Is 613 a prime number?
True
Is 853 a prime number?
True
Is 113717 prime?
True
Is 92269 prime?
True
Is 419719 composite?
True
Is 9649 a prime number?
True
Is 335833 composite?
False
Is 2798 a prime number?
False
Is 113927 a composite number?
True
Is 272683 a composite number?
False
Is 964753 prime?
True
Is 2489309 a prime number?
True
Is 647 prime?
True
Is 47563 prime?
True
Is 1662929 prime?
True
Is 11549 a prime number?
True
Is 4703 composite?
False
Is 1559 prime?
True
Is 10007 a prime number?
True
Is 69413 composite?
True
Is 9871 a prime number?
True
Is 329119 composite?
True
Is 5261 a composite number?
False
Is 44483 prime?
True
Is 59249 prime?
False
Is 67003 composite?
False
Is 189947 a prime number?
True
Is 116159 a prime number?
True
Is 209759 a composite number?
True
Is 19 composite?
False
Is 24439 a prime number?
True
Is 89867 a composite number?
False
Is 267781 a prime number?
True
Is 433327 a prime number?
False
Is 28873 a composite number?
True
Is 10393 prime?
False
Is 24501 prime?
False
Is 301321 a prime number?
False
Is 60322 a prime number?
False
Is 101929 prime?
True
Is 680999 composite?
True
Is 34607 a prime number?
True
Is 12889 a composite number?
False
Is 48903 prime?
False
Is 3494 a composite number?
True
Is 5711 composite?
False
Is 35273 a composite number?
True
Is 290417 composite?
True
Is 20323 a prime number?
True
Is 1959551 a prime number?
False
Is 230539 composite?
False
Is 300743 a composite number?
False
Is 399671 composite?
True
Is 515 composite?
True
Is 243053 a composite number?
True
Is 4348559 prime?
True
Is 3802 composite?
True
Is 9773 a composite number?
True
Is 21247 composite?
False
Is 42433 prime?
True
Is 3251 a prime number?
True
Is 10519 a prime number?
False
Is 91621 prime?
True
Is 6131 a prime number?
True
Is 67033 a prime number?
True
Is 361613 prime?
False
Is 192497 a prime number?
True
Is 4223 a composite number?
True
Is 453482 prime?
False
Is 513289 composite?
True
Is 99661 prime?
True
Is 252363 prime?
False
Is 22613 composite?
False
Is 1788101 prime?
False
Is 1142215 composite?
True
Is 122405 a composite number?
True
Is 166087 a prime number?
False
Is 554713 a prime number?
False
Is 265021 prime?
True
Is 1639 a prime number?
False
Is 70801 a prime number?
False
Is 366917 a prime number?
True
Is 44167 a composite number?
True
Is 98537 a prime number?
False
Is 6778823 prime?
True
Is 36362 composite?
True
Is 20789 prime?
True
Is 589 a composite number?
True
Is 57487 a prime number?
True
Is 790567 composite?
False
Is 28973 a composite number?
True
Is 205963 a prime number?
True
Is 11801 prime?
True
Is 3575317 a prime number?
True
Is 24627 a composite number?
True
Is 3755 composite?
True
Is 6629 prime?
False
Is 14785 a prime number?
False
Is 229913 prime?
False
Is 1474619 composite?
True
Is 154367 prime?
False
Is 36229 composite?
False
Is 39397 a prime number?
True
Is 192341 a prime number?
True
Is 7631 prime?
False
Is 1362001 composite?
True
Is 41669 a composite number?
False
Is 45413 a composite number?
False
Is 26798 a prime number?
False
Is 5381 prime?
True
Is 24271 a prime number?
False
Is 8501 composite?
False
Is 32117 a composite number?
False
Is 1965259 prime?
True
Is 37277 composite?
False
Is 46747 composite?
False
Is 757879 prime?
True
Is 16811 a composite number?
False
Is 205867 a composite number?
True
Is 48857 a composite number?
False
Is 28907 a prime number?
False
Is 2523251 a composite number?
False
Is 8923 a prime number?
True
Is 691 a composite number?
False
Is 50207 prime?
True
Is 1475129 prime?
True
Is 2402761 composite?
False
Is 150649 a prime number?
True
Is 2429 a composite number?
True
Is 253 prime?
False
Is 26687 prime?
True
Is 233213 a composite number?
True
Is 53201 composite?
False
Is 43863 prime?
False
Is 106531 composite?
False
Is 57335 a prime number?
False
Is 2402027 a composite number?
False
Is 55921 a composite number?
False
Is 7919 prime?
True
Is 11159 composite?
False
Is 1871 a prime number?
True
Is 585079 a composite number?
True
Is 204107 prime?
True
Is 5774 a prime number?
False
Is 11351 a composite number?
False
Is 1595626 a prime number?
False
Is 476083 prime?
False
Is 96667 prime?
True
Is 16517 a composite number?
True
Is 23741 prime?
True
Is 1172459 a composite number?
True
Is 8329 composite?
False
Is 8543 prime?
True
Is 24439 a composite number?
False
Is 65899 prime?
True
Is 791 a composite number?
True
Is 2359 a prime number?
False
Is 471277 a composite number?
False
Is 64483 a composite number?
False
Is 737255 a composite number?
True
Is 4271 a prime number?
True
Is 926731 composite?
True
Is 233507 prime?
False
Is 77921 a composite number?
True
Is 256933 a prime number?
False
Is 3709 a composite number?
False
Is 9719 composite?
False
Is 961 a prime number?
False
Is 43223 a prime number?
True
Is 509767 composite?
False
Is 41761 a prime number?
True
Is 16015 composite?
True
Is 2332643 a prime number?
True
Is 60353 prime?
True
Is 11953 a prime number?
True
Is 2413 a composite number?
True
Is 10427 composite?
False
Is 295045 a prime number?
False
Is 21635 composite?
True
Is 55987 a prime number?
True
Is 512249 a composite number?
False
Is 199051 a composite number?
True
Is 208007 a prime number?
False
Is 166403 a prime number?
True
Is 196067 a prime number?
False
Is 495491 a prime number?
True
Is 942473 a prime number?
False
Is 3847 composite?
False
Is 145937 composite?
True
Is 1478303 a prime number?
False
Is 34657 a prime number?
False
Is 33547 prime?
True
Is 9533 composite?
False
Is 30059 composite?
False
Is 230587 a prime number?
False
Is 64909 composite?
True
Is 105487 a prime number?
False
Is 1149869 a composite number?
True
Is 545579 a composite number?
False
Is 11197 composite?
False
Is 83703 composite?
True
Is 116861 composite?
True
Is 2551297 prime?
False
Is 514711 a composite number?
False
Is 2159 prime?
False
Is 16411 prime?
True
Is 4721 a composite number?
False
Is 135878 prime?
False
Is 140347 composite?
True
Is 454 a prime number?
False
Is 372445 composite?
True
Is 72989 composite?
True
Is 3691 composite?
False
Is 499277 a prime number?
True
Is 379895 a composite number?
True
Is 73173 prime?
False
Is 19001 a composite number